321 divide 32421?
True
Is 6 a factor of 333?
False
Is 22074 a multiple of 39?
True
Is 19 a factor of 4059?
False
Is 7862 a multiple of 44?
False
Does 12 divide 21432?
True
Does 4 divide 256?
True
Is 720 a multiple of 8?
True
Does 12 divide 660?
True
Does 46 divide 5057?
False
Is 11 a factor of 20713?
True
Does 7 divide 903?
True
Does 3 divide 87?
True
Is 87465 a multiple of 15?
True
Is 5457 a multiple of 51?
True
Is 34 a factor of 23776?
False
Does 24 divide 5496?
True
Does 105 divide 18445?
False
Does 16 divide 333?
False
Is 7372 a multiple of 38?
True
Is 3775 even?
False
Is 101805 a multiple of 165?
True
Is 4205 a multiple of 47?
False
Does 26 divide 4605?
False
Is 9435 a multiple of 37?
True
Is 62 a factor of 560?
False
Is 12 a factor of 41752?
False
Is 13 a factor of 3037?
False
Is 1560 a multiple of 5?
True
Is 115 a factor of 8050?
True
Is 894 a multiple of 4?
False
Is 90 a factor of 5850?
True
Is 342 a factor of 66077?
False
Is 2565 a multiple of 19?
True
Is 11776 a multiple of 64?
True
Is 2875 a multiple of 25?
True
Does 9 divide 297?
True
Does 11 divide 2285?
False
Does 15 divide 1245?
True
Is 3878 a multiple of 7?
True
Is 50 a factor of 11850?
True
Is 276 a multiple of 23?
True
Does 48 divide 2181?
False
Does 14 divide 490?
True
Does 158 divide 83266?
True
Is 21 a factor of 14234?
False
Is 5559 a multiple of 17?
True
Does 174 divide 40961?
False
Does 85 divide 2825?
False
Is 7 a factor of 405?
False
Is 245 a factor of 84525?
True
Is 16850 a multiple of 10?
True
Is 21 a factor of 68784?
False
Is 7 a factor of 20554?
False
Is 21 a factor of 16242?
False
Is 6367 a multiple of 63?
False
Is 34 a multiple of 3?
False
Is 23426 a multiple of 13?
True
Is 121 a multiple of 11?
True
Does 30 divide 4320?
True
Does 70 divide 3329?
False
Is 2474 a multiple of 21?
False
Is 540 a multiple of 18?
True
Is 2171 a multiple of 21?
False
Does 10 divide 1439?
False
Does 11 divide 390?
False
Is 607 a multiple of 3?
False
Is 34604 a multiple of 41?
True
Is 700 a multiple of 14?
True
Does 51 divide 807?
False
Does 67 divide 2077?
True
Does 55 divide 28354?
False
Is 702 a multiple of 9?
True
Does 15 divide 11505?
True
Is 534 a multiple of 6?
True
Is 217 a multiple of 14?
False
Is 4272 even?
True
Is 6 a factor of 3496?
False
Is 276 a factor of 129214?
False
Is 68 a factor of 5372?
True
Does 16 divide 14224?
True
Is 28984 a multiple of 13?
False
Is 84 a factor of 22510?
False
Does 18 divide 5562?
True
Is 7 a factor of 271?
False
Does 4 divide 414?
False
Does 15 divide 871?
False
Is 87 a factor of 7843?
False
Is 4 a factor of 65?
False
Does 27 divide 1075?
False
Is 99 a factor of 10197?
True
Is 4923 a multiple of 4?
False
Is 22044 a multiple of 24?
False
Is 28 a factor of 756?
True
Is 232 a multiple of 20?
False
Does 26 divide 88?
False
Is 20 a factor of 720?
True
Is 34 a factor of 8840?
True
Is 3 a factor of 82?
False
Is 1419 a multiple of 30?
False
Is 21683 a multiple of 26?
False
Is 322 a multiple of 14?
True
Is 110 a multiple of 5?
True
Does 276 divide 131376?
True
Does 14 divide 9618?
True
Is 47 a factor of 920?
False
Does 15 divide 45915?
True
Is 124 a multiple of 2?
True
Is 10 a factor of 9650?
True
Is 4035 a multiple of 230?
False
Is 3 a factor of 678?
True
Is 28 a factor of 3500?
True
Is 985 a multiple of 25?
False
Is 1350 a multiple of 54?
True
Is 612 a multiple of 18?
True
Does 124 divide 24552?
True
Is 36269 a multiple of 21?
False
Is 158 a factor of 46396?
False
Does 94 divide 19221?
False
Is 9 a factor of 2286?
True
Is 39 a factor of 58184?
False
Is 1700 a multiple of 68?
True
Is 45927 a multiple of 149?
False
Is 12 a factor of 57938?
False
Is 27 a factor of 228?
False
Is 157 a factor of 4867?
True
Is 361 a multiple of 44?
False
Is 3 a factor of 35161?
False
Does 28 divide 958?
False
Does 66 divide 7596?
False
Is 4 a factor of 4013?
False
Does 25 divide 5625?
True
Does 17 divide 1482?
False
Is 13 a factor of 767?
True
Is 7 a factor of 5592?
False
Is 9 a factor of 252?
True
Is 13557 a multiple of 10?
False
Does 34 divide 14858?
True
Is 27 a factor of 10449?
True
Does 42 divide 756?
True
Is 13 a factor of 405?
False
Is 2472 a multiple of 12?
True
Is 73014 a multiple of 129?
True
Is 62 a factor of 4375?
False
Does 19 divide 3723?
False
Does 48 divide 1776?
True
Is 269 a factor of 5111?
True
Does 8 divide 27933?
False
Is 28 a factor of 2380?
True
Is 6 a factor of 85?
False
Is 14 a factor of 98?
True
Is 26 a factor of 1862?
False
Does 7 divide 2754?
False
Is 26 a factor of 3817?
False
Is 4 a factor of 4000?
True
Does 9 divide 6507?
True
Is 37 a factor of 71534?
False
Is 1748 a multiple of 76?
True
Does 129 divide 2967?
True
Does 24 divide 1872?
True
Does 30 divide 2850?
True
Is 31 a factor of 13392?
True
Is 17 a factor of 16393?
False
Is 52 a factor of 1248?
True
Does 98 divide 42131?
False
Is 19 a factor of 836?
True
Is 30 a factor of 2509?
False
Is 53 a factor of 1378?
True
Is 16714 a multiple of 38?
False
Is 67 a factor of 2896?
False
Is 560 a multiple of 7?
True
Is 85 a factor of 8585?
True
Is 22 a factor of 2978?
False
Is 147 a factor of 16928?
False
Is 4650 a multiple of 3?
True
Is 81 a factor of 8194?
False
Is 9 a factor of 14454?
True
Does 337 divide 58975?
True
Is 2545 a multiple of 5?
True
Does 11 divide 891?
True
Is 36 a factor of 1404?
True
Does 31 divide 1519?
True
Is 7 a factor of 955?
False
Does 22 divide 4114?
True
Is 2210 a multiple of 221?
True
Is 74 a factor of 18185?
False
Does 5 divide 320?
True
Is 467 a multiple of 19?
False
Is 5004 a multiple of 12?
True
Does 153 divide 73899?
True
Is 15801 a multiple of 69?
True
Does 79 divide 158?
True
Is 87 a factor of 9135?
True
Does 5 divide 253?
False
Is 16 a factor of 274?
False
Is 7 a factor of 105?
True
Does 113 divide 10057?
True
Does 10 divide 3685?
False
Does 87 divide 41984?
False
Is 69 a factor of 5284?
False
Is 9255 a multiple of 15?
True
Is 354 a multiple of 6?
True
Does 12 divide 103368?
True
Is 40 a factor of 1316?
False
Does 18 divide 702?
True
Does 20 divide 403?
False
Is 41 even?
False
Does 18 divide 495?
False
Is 4805 a multiple of 16?
False
Is 5376 a multiple of 40?
False
Is 4 a factor of 44?
True
Does 23 divide 874?
True
Is 1748 a multiple of 6?
False
Is 1428 a multiple of 24?
False
Is 11737 a multiple of 121?
True
Is 2967 a multiple of 22?
False
Does 5 divide 520?
True
Is 715 a multiple of 13?
True
Does 12 divide 76711?
False
Is 27 a factor of 707?
False
Is 36 a factor of 4932?
True
Does 34 divide 8670?
True
Is 28578 a multiple of 33?
True
Is 49 a multiple of 40?
False
Is 220 a multiple of 44?
True
Is 38677 a multiple of 39?
False
Does 24 divide 4080?
True
Is 44 a factor of 441?
False
Does 42 divide 387?
False
Is 181 a factor of 24471?
False
Is 27 a factor of 783?
True
Is 377 a multiple of 29?
True
Is 17 a factor of 2564?
False
Is 12 a factor of 37259?
False
Does 7 divide 35?
True
Is 93 a factor of 31957?
False
Is 4 a factor of 3579?
False
Is 22 a factor of 352?
True
Is 11 a factor of 2343?
True
Is 7 a factor of 665?
True
Is 53 a factor of 3021?
True
Is 45741 a multiple of 55?
False
Is 221 a multiple of 6?
False
Is 4 a factor of 757?
False
Is 1785 a multiple of 35?
True
Is 870 a multiple of 58?
True
Is 4092 a multiple of 44?
True
Does 35 divide 713?
False
Does 60 divide 4020?
True
Is 43067 a multiple of 13?
False
Is 81 a factor of 221?
False
Is 1705 a multiple of 6?
False
Is 6214 a multiple of 26?
True
Does 55 divide 770?
True
Does 4 divide 9770?
False
Does 3 divide 569?
False
Does 8 divide 544?
True
Does 28 divide 6468?
True
Does 2 divide 3266?
True
Is 2340 a multiple of 26?
True
Does 18 divide 1715?
False
Is 21315 a multiple of 23?
False
Is 29 a multiple of 9?
False
Is 55 a factor of 7981?
False
Is 7 even?
False
Is 3336 a multiple of 46?
False
Does 86 divide 11165?
False
Does 93 divide 553?
False
Does 263 divide 26744?
False
Is 45551 a multiple of 41?
True
Is 14 a factor of 122?
False
Is 27 a factor of 8856?
True
Is 755 a multiple of 4?
False
Is 9682 a multiple of 180?
False
Does 2 divide 3539?
False
Is 3 a factor of 2476?
False
Is 22 a factor of 11176?
True
Is 45 a factor of 60103?
False
Is 26429 a multiple of 13?
True
Does 24 divide 22848?
True
Is 2029 a multiple of 5?
False
Does 10 divide 16866?
False
Is 3720 a multiple of 10?
True
Is 2102 a multiple of 84?
False
D